{"text_format":"3","workbook":"xlsx","n_sheets":9,"sheets":["汇总","课程 1","课程 2","课程 3","课程 4","课程 5","课程 6","课程 7","GPA Table"],"not_rendered":{"defined_names":9},"read":"whole","date_system":"1900"}

{"sheet":"汇总","index":0,"n_rows":12,"n_cols":7,"rows_kept":12,"merged":[[1,1,1,2]]}
[]
[null,"学期/学年：",null,"您的姓名：",null,"学期/学年："]
[]
[null,"课程","学分","当前百分制得分","字母评分","平均分 (GPA)"," 加权平均分 (GPA)"]
[null,"课程 1",{"v":3,"d":"3.0"},{"$f":"'课程 1'!D$36","v":{"v":0.8661764705882353,"d":"86.62%"}},{"$f":"IF(D5<>\"\",HLOOKUP(D5,'GPA Table'!$C$5:$O$7,2),\"\")","v":"B"},{"$f":"IF(D5<>\"\",HLOOKUP(D5,'GPA Table'!$C$5:$O$7,3),\"\")","v":{"v":3,"d":"3.00"}},{"$f":"IF(F5<>\"\",F5*C5/(SUM($C$5:$C$11)), \"\")","v":{"v":0.5625,"d":"0.56"}}]
[null,"课程 2",{"v":4,"d":"4.0"},{"$f":"'课程 2'!D$36","v":""},{"$f":"IF(D6<>\"\",HLOOKUP(D6,'GPA Table'!$C$5:$O$7,2),\"\")","v":""},{"$f":"IF(D6<>\"\",HLOOKUP(D6,'GPA Table'!$C$5:$O$7,3),\"\")","v":""},""]
[null,"课程 3",{"v":2,"d":"2.0"},{"$f":"'课程 3'!D$36","v":""},{"$f":"IF(D7<>\"\",HLOOKUP(D7,'GPA Table'!$C$5:$O$7,2),\"\")","v":""},{"$f":"IF(D7<>\"\",HLOOKUP(D7,'GPA Table'!$C$5:$O$7,3),\"\")","v":""},""]
[null,"课程 4",{"v":4,"d":"4.0"},{"$f":"'课程 4'!D$36","v":""},{"$f":"IF(D8<>\"\",HLOOKUP(D8,'GPA Table'!$C$5:$O$7,2),\"\")","v":""},{"$f":"IF(D8<>\"\",HLOOKUP(D8,'GPA Table'!$C$5:$O$7,3),\"\")","v":""},""]
[null,"课程 5",{"v":1,"d":"1.0"},{"$f":"'课程 5'!D$36","v":""},{"$f":"IF(D9<>\"\",HLOOKUP(D9,'GPA Table'!$C$5:$O$7,2),\"\")","v":""},{"$f":"IF(D9<>\"\",HLOOKUP(D9,'GPA Table'!$C$5:$O$7,3),\"\")","v":""},""]
[null,"课程 6",{"v":1,"d":"1.0"},{"$f":"'课程 6'!D$36","v":""},{"$f":"IF(D10<>\"\",HLOOKUP(D10,'GPA Table'!$C$5:$O$7,2),\"\")","v":""},{"$f":"IF(D10<>\"\",HLOOKUP(D10,'GPA Table'!$C$5:$O$7,3),\"\")","v":""},""]
[null,"课程 7",{"v":1,"d":"1.0"},{"$f":"'课程 7'!D$36","v":""},{"$f":"IF(D11<>\"\",HLOOKUP(D11,'GPA Table'!$C$5:$O$7,2),\"\")","v":""},{"$f":"IF(D11<>\"\",HLOOKUP(D11,'GPA Table'!$C$5:$O$7,3),\"\")","v":""},""]
[null,"总计",{"$f":"SUM(C5:C11)","v":16},{"$f":"AVERAGE(D5:D11)","v":{"v":0.8661764705882353,"d":"86.62%"}},{"$f":"IF(D12<>\"\",HLOOKUP(D12,'GPA Table'!$C$5:$O$7,2),\"\")","v":"B"},{"$f":"AVERAGE(F5:F11)","v":{"v":3,"d":"3.00"}},{"$f":"SUM(G5:G11)","v":{"v":0.5625,"d":"0.56"}}]

{"sheet":"课程 1","index":1,"n_rows":38,"n_cols":8,"rows_kept":38,"merged":[[1,1,1,2]]}
[]
[null,{"$f":"汇总!B5","v":"课程 1"}]
[null,"教授：",null,null,"百分制总分",null,null,{"$f":"IF(SUM($C$35:$H$35) <> 0,SUM($C$34:$H$34)/SUM($C$35:$H$35),\"\")","v":{"v":0.8661764705882353,"d":"86.62%"}}]
[null,"电子邮件：",null,null,"当前得分",null,null,{"$f":"SUM($C$34:$H$34)","v":{"v":0.17323529411764707,"d":"17.32%"}}]
[]
[null,"作业","家庭作业","论文","小测验","项目","期中考试","期末考试"]
[null,"权重",{"v":0.1,"d":"10.0%"},{"v":0.1,"d":"10.0%"},{"v":0.15,"d":"15.0%"},{"v":0.15,"d":"15.0%"},{"v":0.2,"d":"20.0%"},{"v":0.3,"d":"30.0%"}]
[null,"第一次家庭作业",{"v":0.8823529411764706,"d":"0.88"}]
[null,"关于二战的论文",null,0.85]
{"$rows_empty":24}
[null,"总分",{"$f":"IF(COUNT(C8:C33) <> 0,AVERAGE(C8:C33) *C7, \"\")","v":{"v":0.08823529411764706,"d":"0.0882"}},{"v":0.085,"d":"0.0850"},"","","",""]
[null,"可能总分",{"$f":"IF(COUNT(C8:C33)<>0,C7,\"\")","v":0.1},0.1,"","","",""]
[null,"百分制总分",null,{"$f":"IF(SUM($C$35:$H$35) <> 0,SUM($C$34:$H$34)/SUM($C$35:$H$35),\"\")","v":{"v":0.8661764705882353,"d":"86.62%"}}]
[null,"要输入成绩，请执行如下操作：",null,"输入您在可能总分中的实际得分（例如 15/17）。"]
[{"$nulls":3},"输入您获得的百分数（例如 85%）。"]

{"sheet":"课程 2","index":2,"n_rows":38,"n_cols":8,"rows_kept":38,"merged":[[1,1,1,2]]}
[]
[null,{"$f":"汇总!B6","v":"课程 2"}]
[null,"教授：",null,null,"百分制总分",null,null,{"$f":"IF(SUM($C$35:$H$35) <> 0,SUM($C$34:$H$34)/SUM($C$35:$H$35),\"\")","v":""}]
[null,"电子邮件：",null,null,"当前得分",null,null,{"$f":"SUM($C$34:$H$34)","v":{"v":0,"d":"0.00%"}}]
[]
[null,"作业","家庭作业","论文","小测验","项目","期中考试","期末考试"]
[null,"权重",{"v":0.1,"d":"10.0%"},{"v":0.1,"d":"10.0%"},{"v":0.15,"d":"15.0%"},{"v":0.15,"d":"15.0%"},{"v":0.2,"d":"20.0%"},{"v":0.3,"d":"30.0%"}]
{"$rows_empty":26}
[null,"总分",{"$f":"IF(COUNT(C8:C33) <> 0,AVERAGE(C8:C33) *C7, \"\")","v":""},"","","","",""]
[null,"可能总分",{"$f":"IF(COUNT(C8:C33)<>0,C7,\"\")","v":""},"","","","",""]
[null,"百分制总分",null,{"$f":"IF(SUM($C$35:$H$35) <> 0,SUM($C$34:$H$34)/SUM($C$35:$H$35),\"\")","v":""}]
[null,"要输入成绩，请执行如下操作：",null,"输入您在可能总分中的实际得分（例如 15/17）。"]
[{"$nulls":3},"输入您获得的百分数（例如 85%）。"]

{"sheet":"课程 3","index":3,"n_rows":38,"n_cols":8,"rows_kept":38,"merged":[[1,1,1,2]]}
[]
[null,{"$f":"汇总!B7","v":"课程 3"}]
[null,"教授：",null,null,"百分制总分",null,null,{"$f":"IF(SUM($C$35:$H$35) <> 0,SUM($C$34:$H$34)/SUM($C$35:$H$35),\"\")","v":""}]
[null,"电子邮件：",null,null,"当前得分",null,null,{"$f":"SUM($C$34:$H$34)","v":{"v":0,"d":"0.00%"}}]
[]
[null,"作业","家庭作业","论文","小测验","项目","期中考试","期末考试"]
[null,"权重",{"v":0.1,"d":"10.0%"},{"v":0.1,"d":"10.0%"},{"v":0.15,"d":"15.0%"},{"v":0.15,"d":"15.0%"},{"v":0.2,"d":"20.0%"},{"v":0.3,"d":"30.0%"}]
{"$rows_empty":26}
[null,"总分",{"$f":"IF(COUNT(C8:C33) <> 0,AVERAGE(C8:C33) *C7, \"\")","v":""},"","","","",""]
[null,"可能总分",{"$f":"IF(COUNT(C8:C33)<>0,C7,\"\")","v":""},"","","","",""]
[null,"百分制总分",null,{"$f":"IF(SUM($C$35:$H$35) <> 0,SUM($C$34:$H$34)/SUM($C$35:$H$35),\"\")","v":""}]
[null,"要输入成绩，请执行如下操作：",null,"输入您在可能总分中的实际得分（例如 15/17）。"]
[{"$nulls":3},"输入您获得的百分数（例如 85%）。"]

{"sheet":"课程 4","index":4,"n_rows":38,"n_cols":8,"rows_kept":38,"merged":[[1,1,1,2]]}
[]
[null,{"$f":"汇总!B8","v":"课程 4"}]
[null,"教授：",null,null,"百分制总分",null,null,{"$f":"IF(SUM($C$35:$H$35) <> 0,SUM($C$34:$H$34)/SUM($C$35:$H$35),\"\")","v":""}]
[null,"电子邮件：",null,null,"当前得分",null,null,{"$f":"SUM($C$34:$H$34)","v":{"v":0,"d":"0.00%"}}]
[]
[null,"作业","家庭作业","论文","小测验","项目","期中考试","期末考试"]
[null,"权重",{"v":0.1,"d":"10.0%"},{"v":0.1,"d":"10.0%"},{"v":0.15,"d":"15.0%"},{"v":0.15,"d":"15.0%"},{"v":0.2,"d":"20.0%"},{"v":0.3,"d":"30.0%"}]
{"$rows_empty":26}
[null,"总分",{"$f":"IF(COUNT(C8:C33) <> 0,AVERAGE(C8:C33) *C7, \"\")","v":""},"","","","",""]
[null,"可能总分",{"$f":"IF(COUNT(C8:C33)<>0,C7,\"\")","v":""},"","","","",""]
[null,"百分制总分",null,{"$f":"IF(SUM($C$35:$H$35) <> 0,SUM($C$34:$H$34)/SUM($C$35:$H$35),\"\")","v":""}]
[null,"要输入成绩，请执行如下操作：",null,"输入您在可能总分中的实际得分（例如 15/17）。"]
[{"$nulls":3},"输入您获得的百分数（例如 85%）。"]

{"sheet":"课程 5","index":5,"n_rows":38,"n_cols":8,"rows_kept":38,"merged":[[1,1,1,2]]}
[]
[null,{"$f":"汇总!B9","v":"课程 5"}]
[null,"教授：",null,null,"百分制总分",null,null,{"$f":"IF(SUM($C$35:$H$35) <> 0,SUM($C$34:$H$34)/SUM($C$35:$H$35),\"\")","v":""}]
[null,"电子邮件：",null,null,"当前得分",null,null,{"$f":"SUM($C$34:$H$34)","v":{"v":0,"d":"0.00%"}}]
[]
[null,"作业","家庭作业","论文","小测验","项目","期中考试","期末考试"]
[null,"权重",{"v":0.1,"d":"10.0%"},{"v":0.1,"d":"10.0%"},{"v":0.15,"d":"15.0%"},{"v":0.15,"d":"15.0%"},{"v":0.2,"d":"20.0%"},{"v":0.3,"d":"30.0%"}]
{"$rows_empty":26}
[null,"总分",{"$f":"IF(COUNT(C8:C33) <> 0,AVERAGE(C8:C33) *C7, \"\")","v":""},"","","","",""]
[null,"可能总分",{"$f":"IF(COUNT(C8:C33)<>0,C7,\"\")","v":""},"","","","",""]
[null,"百分制总分",null,{"$f":"IF(SUM($C$35:$H$35) <> 0,SUM($C$34:$H$34)/SUM($C$35:$H$35),\"\")","v":""}]
[null,"要输入成绩，请执行如下操作：",null,"输入您在可能总分中的实际得分（例如 15/17）。"]
[{"$nulls":3},"输入您获得的百分数（例如 85%）。"]

{"sheet":"课程 6","index":6,"n_rows":38,"n_cols":8,"rows_kept":38,"merged":[[1,1,1,2]]}
[]
[null,{"$f":"汇总!B10","v":"课程 6"}]
[null,"教授：",null,null,"百分制总分",null,null,{"$f":"IF(SUM($C$35:$H$35) <> 0,SUM($C$34:$H$34)/SUM($C$35:$H$35),\"\")","v":""}]
[null,"电子邮件：",null,null,"当前得分",null,null,{"$f":"SUM($C$34:$H$34)","v":{"v":0,"d":"0.00%"}}]
[]
[null,"作业","家庭作业","论文","小测验","项目","期中考试","期末考试"]
[null,"权重",{"v":0.1,"d":"10.0%"},{"v":0.1,"d":"10.0%"},{"v":0.15,"d":"15.0%"},{"v":0.15,"d":"15.0%"},{"v":0.2,"d":"20.0%"},{"v":0.3,"d":"30.0%"}]
{"$rows_empty":26}
[null,"总分",{"$f":"IF(COUNT(C8:C33) <> 0,AVERAGE(C8:C33) *C7, \"\")","v":""},"","","","",""]
[null,"可能总分",{"$f":"IF(COUNT(C8:C33)<>0,C7,\"\")","v":""},"","","","",""]
[null,"百分制总分",null,{"$f":"IF(SUM($C$35:$H$35) <> 0,SUM($C$34:$H$34)/SUM($C$35:$H$35),\"\")","v":""}]
[null,"要输入成绩，请执行如下操作：",null,"输入您在可能总分中的实际得分（例如 15/17）。"]
[{"$nulls":3},"输入您获得的百分数（例如 85%）。"]

{"sheet":"课程 7","index":7,"n_rows":38,"n_cols":8,"rows_kept":38,"merged":[[1,1,1,2]]}
[]
[null,{"$f":"汇总!B11","v":"课程 7"}]
[null,"教授：",null,null,"百分制总分",null,null,{"$f":"IF(SUM($C$35:$H$35) <> 0,SUM($C$34:$H$34)/SUM($C$35:$H$35),\"\")","v":""}]
[null,"电子邮件：",null,null,"当前得分",null,null,{"$f":"SUM($C$34:$H$34)","v":{"v":0,"d":"0.00%"}}]
[]
[null,"作业","家庭作业","论文","小测验","项目","期中考试","期末考试"]
[null,"权重",{"v":0.1,"d":"10.0%"},{"v":0.1,"d":"10.0%"},{"v":0.15,"d":"15.0%"},{"v":0.15,"d":"15.0%"},{"v":0.2,"d":"20.0%"},{"v":0.3,"d":"30.0%"}]
{"$rows_empty":26}
[null,"总分",{"$f":"IF(COUNT(C8:C33) <> 0,AVERAGE(C8:C33) *C7, \"\")","v":""},"","","","",""]
[null,"可能总分",{"$f":"IF(COUNT(C8:C33)<>0,C7,\"\")","v":""},"","","","",""]
[null,"百分制总分",null,{"$f":"IF(SUM($C$35:$H$35) <> 0,SUM($C$34:$H$34)/SUM($C$35:$H$35),\"\")","v":""}]
[null,"要输入成绩，请执行如下操作：",null,"输入您在可能总分中的实际得分（例如 15/17）。"]
[{"$nulls":3},"输入您获得的百分数（例如 85%）。"]

{"sheet":"GPA Table","index":8,"n_rows":7,"n_cols":15,"rows_kept":7}
[]
[]
[]
[null,"成绩和 GPA 表格"]
[null,"平均分",{"v":0,"d":"0%"},{"v":0.6,"d":"60%"},{"v":0.63,"d":"63%"},{"v":0.67,"d":"67%"},{"v":0.7,"d":"70%"},{"v":0.73,"d":"73%"},{"v":0.77,"d":"77%"},{"v":0.8,"d":"80%"},{"v":0.83,"d":"83%"},{"v":0.87,"d":"87%"},{"v":0.9,"d":"90%"},{"v":0.93,"d":"93%"},{"v":0.97,"d":"97%"}]
[null,"字母评分","F","D-","D","D+","C-","C","C+","B-","B","B+","A-","A","A+"]
[null,"平均分 (GPA)",{"v":0,"d":"0.00"},0.67,{"v":1,"d":"1.00"},1.33,1.67,{"v":2,"d":"2.00"},2.33,2.67,{"v":3,"d":"3.00"},3.33,3.67,{"v":4,"d":"4.00"},{"v":4,"d":"4.00"}]